{"id":66,"date":"2020-05-24T05:42:35","date_gmt":"2020-05-24T05:42:35","guid":{"rendered":"https:\/\/alu-dosen.ch\/?page_id=66"},"modified":"2020-07-15T19:37:37","modified_gmt":"2020-07-15T19:37:37","slug":"unsere-dosen","status":"publish","type":"page","link":"https:\/\/alu-dosen.ch\/?page_id=66","title":{"rendered":"Unsere Dosen"},"content":{"rendered":"<h2><span style=\"font-family: helvetica; font-size: 14pt;\">Endlich Dosen, sofort unbeschr\u00e4nkt verf\u00fcgbar, zentral in der Schweiz erh\u00e4ltlich.<\/span><\/h2>\n<p style=\"padding-left: 40px;\"><span style=\"font-family: helvetica; font-size: 14pt;\">Als Mikrobrauerei in der Schweiz ist es schwierig, Alu-Dosen sinvoll palletiert zu einem fairen Preis zu erhalten.<br \/>Wir versuchen nun selbst, diesen Missstand zu beheben. Mit Helvepac haben wir einen starken und erfahrenen Partner an der Seite. Helvepac produziert Alu-Dosen in mit den h\u00f6chsten Qualit\u00e4tsstandarts im Bereich Nachhaltigkeit und Gesundheit.\/span><\/p>\n<p><\/p>\n<h6><span style=\"font-family: helvetica; font-size: 14pt;\">Nachhaltigkeit und Recycling von Aludosen<\/span><\/h6>\n<p style=\"padding-left: 40px;\"><span style=\"font-family: helvetica; font-size: 14pt;\">Unsere Dosen sind zu min.98% aus Recycling-Alu aus der EU hergestellt. Wir danken dir an dieser Stelle f\u00fcr deine Entscheidung unsere Dosen zu verwenden.<br \/>Wir sind uns der kontroversen Diskussion im Bereich Nachhaltigkeit um Aluminium-Dosen bewusst. Die Thematik kann unter verschiedenen Aspekten und unter Beizug kontroverser Studien in jede Richtung ausgelegt werden. In der Schweiz liegt die direkte R\u00fcckflussrate des Aluminiums in den Recyclingkreislauf mit 91% sehr hoch. (Quelle: <a href=\"http:\/\/www.swissrecycling.ch\/wertstoffe\/aluminium\/\">swissrecycling.ch<\/a>)<\/span><\/p>\n<p><\/p>\n<h6><span style=\"font-family: helvetica; font-size: 14pt;\"><strong>Gesundheit<\/strong>: Unsere Dosen werden nach BPA-NI-Standard produziert<\/span><\/h6>\n<p style=\"padding-left: 40px;\"><span style=\"font-family: helvetica; font-size: 14pt;\"> Im Gegensatz zu allen anderen Dosen, die du in der Schweiz kaufen kannst, wird die Innenbeschichtung unserer Aludosen (inkl. dem Dichtring) ohne Einsatz von Bisphenol A (BPA) hergestellt. Dadurch kannst du die Verantwortung deinen Kunden gegen\u00fcber vorbehaltlos wahrnehmen. Es gibt dir ein gutes Gef\u00fchl, dein Qualit\u00e4ts Craft-Beer in einer schadstofffreien Verpackung anbieten zu k\u00f6nnen.<br \/>Das gef\u00e4hrliche an BPA ist, dass es sich beim Kontakt mit Lebensmitteln aus dem Verpackungsprodukt herausl\u00f6sen kann und in die Lebensmittel diffundiert. Dabei reichen bereits geringe Mengen <b>BPA<\/b> , um den menschlichen Hormonhaushalt aus dem Gleichgewicht zu bringen.<\/span><\/p>\n<p><\/p>\n<h6><span style=\"font-family: helvetica; font-size: 14pt;\">BPA: Massnahmen Weltweit<\/span><\/h6>\n<p style=\"text-align: left; padding-left: 40px;\"><span class=\"ILfuVd NA6bn\" style=\"font-family: helvetica; font-size: 14pt;\"><span class=\"e24Kjd\">Die WHO &amp; die Eu-Komission haben schon l\u00e4nger Empfehlungen und Weisungen in Bezug zu BPA erlassen.<\/span><\/p>\n<p><\/p>\n<h6><span class=\"ILfuVd NA6bn\" style=\"font-family: helvetica; font-size: 14pt;\">Vorbildlich<\/span><\/h6>\n<p style=\"padding-left: 40px;\"><span class=\"ILfuVd NA6bn\" style=\"font-family: helvetica; font-size: 14pt;\">Frankreich hat die Verwendung von BPA 2015 in s\u00e4mtlichem Verpackungsmaterial, allen Beh\u00e4ltnissen und Utensilien, das bzw. die mit Lebensmitteln in Ber\u00fchrung kommen, verboten.<br \/>\n<br \/>\nHier findest du die aktuellen <a href=\"https:\/\/echa.europa.eu\/de\/hot-topics\/bisphenol-a\">Weisungen<\/a> der ECHA (<strong>E<\/strong>uropean <strong>Ch<\/strong>emicals <strong>A<\/strong>gency).><\/span><\/p>\n","protected":false},"excerpt":{"rendered":"<p>Endlich Dosen, sofort unbeschr\u00e4nkt verf\u00fcgbar, zentral in der Schweiz erh\u00e4ltlich. Als Mikrobrauerei in der Schweiz ist es schwierig, Alu-Dosen sinvoll palletiert zu einem fairen Preis zu erhalten.Wir versuchen nun selbst, diesen Missstand zu beheben. Mit Helvepac haben wir einen starken und erfahrenen Partner an der Seite. Helvepac produziert Alu-Dosen in mit den h\u00f6chsten Qualit\u00e4tsstandarts im<\/p><\/div>\n<div class=\"blog-btn\"><a href=\"https:\/\/alu-dosen.ch\/?page_id=66\" class=\"home-blog-btn\">Weiterlesen<\/a><\/p>\n","protected":false},"author":1,"featured_media":0,"parent":2,"menu_order":0,"comment_status":"closed","ping_status":"closed","template":"","meta":[],"_links":{"self":[{"href":"https:\/\/alu-dosen.ch\/index.php?rest_route=\/wp\/v2\/pages\/66"}],"collection":[{"href":"https:\/\/alu-dosen.ch\/index.php?rest_route=\/wp\/v2\/pages"}],"about":[{"href":"https:\/\/alu-dosen.ch\/index.php?rest_route=\/wp\/v2\/types\/page"}],"author":[{"embeddable":true,"href":"https:\/\/alu-dosen.ch\/index.php?rest_route=\/wp\/v2\/users\/1"}],"replies":[{"embeddable":true,"href":"https:\/\/alu-dosen.ch\/index.php?rest_route=%2Fwp%2Fv2%2Fcomments&post=66"}],"version-history":[{"count":25,"href":"https:\/\/alu-dosen.ch\/index.php?rest_route=\/wp\/v2\/pages\/66\/revisions"}],"predecessor-version":[{"id":270,"href":"https:\/\/alu-dosen.ch\/index.php?rest_route=\/wp\/v2\/pages\/66\/revisions\/270"}],"up":[{"embeddable":true,"href":"https:\/\/alu-dosen.ch\/index.php?rest_route=\/wp\/v2\/pages\/2"}],"wp:attachment":[{"href":"https:\/\/alu-dosen.ch\/index.php?rest_route=%2Fwp%2Fv2%2Fmedia&parent=66"}],"curies":[{"name":"wp","href":"https:\/\/api.w.org\/{rel}","templated":true}]}}